{"id":207,"date":"2018-02-20T21:54:59","date_gmt":"2018-02-20T20:54:59","guid":{"rendered":"http:\/\/www.pab-rpg.fr\/?page_id=207"},"modified":"2021-01-05T13:06:20","modified_gmt":"2021-01-05T12:06:20","slug":"le-monde","status":"publish","type":"page","link":"https:\/\/pab-rpg.fr\/index.php\/le-monde\/","title":{"rendered":"Le Monde"},"content":{"rendered":"<p><span>Ami, prenez place ! En cette froide nuit d\u2019hiver, Bellandon, le Barde du Nord, a fait halte \u00e0 l&#8217;auberge du &#8220;Chaudron fumant&#8221; pour nous conter l\u2019histoire de ces mondes merveilleux o\u00f9 vivent de puissants dieux, de courageux mortels et d\u2019\u00e9tranges cr\u00e9atures:<\/span><\/p>\n<p><em>Il fut un temps o\u00f9 les Dieux de l\u2019\u00c1sgardr vivaient et marchaient sur la terre des hommes que l\u2019on nommait le Midgardr. Mais dans leur myst\u00e9rieuse disparition, les Dieux emport\u00e8rent avec eux un morceau du Midgardr. Ce n\u2019\u00e9tait plus vraiment notre terre, sans en \u00eatre tout \u00e0 fait une autre. Le ciel \u00e9tait continuellement gris et bas, et l\u2019hiver r\u00e9gnait en ma\u00eetre d\u2019un bout \u00e0 l\u2019autre de l\u2019ann\u00e9e<\/em><\/p>\n<p>Nous allons vous \u00e9clairer sur le monde dans lequel vous allez \u00e9voluer, ou mourir &#8230;<\/p>\n<ul>\n<li><a href=\"http:\/\/pab-rpg.fr\/index.php\/manuel-des-plans\/\">Manuel des Plans<\/a><\/li>\n<li><a href=\"http:\/\/www.pab-rpg.fr\/?page_id=218\">Divinit\u00e9s Nordiques<\/a><\/li>\n<li><a href=\"http:\/\/pab-rpg.fr\/index.php\/alignements\/\">Alignements<\/a><\/li>\n<li><a href=\"http:\/\/www.pab-rpg.fr\/?page_id=233\">Le Royaume de Fangh<\/a><\/li>\n<\/ul>\n<p><img loading=\"lazy\" src=\"http:\/\/pab-rpg.fr\/wp-content\/uploads\/2021\/01\/images-300x61.png\" alt=\"\" width=\"300\" height=\"61\" class=\"alignnone size-medium wp-image-429 aligncenter\" srcset=\"https:\/\/pab-rpg.fr\/wp-content\/uploads\/2021\/01\/images-300x61.png 300w, https:\/\/pab-rpg.fr\/wp-content\/uploads\/2021\/01\/images.png 498w\" sizes=\"(max-width: 300px) 100vw, 300px\" \/><\/p>\n","protected":false},"excerpt":{"rendered":"<p>Ami, prenez place ! En cette froide nuit d\u2019hiver, Bellandon, le Barde du Nord, a fait halte \u00e0 l&#8217;auberge du &#8220;Chaudron fumant&#8221; pour nous conter l\u2019histoire de ces mondes merveilleux o\u00f9 vivent de puissants dieux, de courageux mortels et d\u2019\u00e9tranges cr\u00e9atures: Il fut un temps o\u00f9 les Dieux de l\u2019\u00c1sgardr [&hellip;]<\/p>\n","protected":false},"author":2,"featured_media":42,"parent":0,"menu_order":0,"comment_status":"closed","ping_status":"closed","template":"","meta":[],"_links":{"self":[{"href":"https:\/\/pab-rpg.fr\/index.php\/wp-json\/wp\/v2\/pages\/207"}],"collection":[{"href":"https:\/\/pab-rpg.fr\/index.php\/wp-json\/wp\/v2\/pages"}],"about":[{"href":"https:\/\/pab-rpg.fr\/index.php\/wp-json\/wp\/v2\/types\/page"}],"author":[{"embeddable":true,"href":"https:\/\/pab-rpg.fr\/index.php\/wp-json\/wp\/v2\/users\/2"}],"replies":[{"embeddable":true,"href":"https:\/\/pab-rpg.fr\/index.php\/wp-json\/wp\/v2\/comments?post=207"}],"version-history":[{"count":5,"href":"https:\/\/pab-rpg.fr\/index.php\/wp-json\/wp\/v2\/pages\/207\/revisions"}],"predecessor-version":[{"id":612,"href":"https:\/\/pab-rpg.fr\/index.php\/wp-json\/wp\/v2\/pages\/207\/revisions\/612"}],"wp:featuredmedia":[{"embeddable":true,"href":"https:\/\/pab-rpg.fr\/index.php\/wp-json\/wp\/v2\/media\/42"}],"wp:attachment":[{"href":"https:\/\/pab-rpg.fr\/index.php\/wp-json\/wp\/v2\/media?parent=207"}],"curies":[{"name":"wp","href":"https:\/\/api.w.org\/{rel}","templated":true}]}}