{"id":305,"date":"2018-03-04T18:44:33","date_gmt":"2018-03-04T17:44:33","guid":{"rendered":"http:\/\/www.pab-rpg.fr\/?page_id=305"},"modified":"2021-01-09T13:28:54","modified_gmt":"2021-01-09T12:28:54","slug":"pretre","status":"publish","type":"page","link":"https:\/\/pab-rpg.fr\/index.php\/aide-de-jeu\/races-et-classes\/pretre\/","title":{"rendered":"Pr\u00eatre"},"content":{"rendered":"<p style=\"text-align: center;\"><img loading=\"lazy\" src=\"http:\/\/192.168.1.35\/wordpress\/wp-content\/uploads\/2018\/03\/Pretre-193x300.jpg\" alt=\"\" width=\"80\" height=\"124\" class=\" wp-image-307 aligncenter\" \/><\/p>\n<h2>Les Sp\u00e9cialisations:<\/h2>\n<ul>\n<li><span style=\"font-weight: 300;\"><b>Clerc<\/b><\/span><span style=\"font-weight: 300;\">: Homme de foi profond\u00e9ment li\u00e9 \u00e0 son Dieu. Intraitable avec les m\u00e9cr\u00e9ants. Tous sauf Gnome<img loading=\"lazy\" src=\"http:\/\/pab-rpg.fr\/wp-content\/uploads\/2021\/01\/clerc-300x219.jpg\" alt=\"\" width=\"300\" height=\"219\" class=\"size-medium wp-image-796 alignright\" srcset=\"https:\/\/pab-rpg.fr\/wp-content\/uploads\/2021\/01\/clerc-300x219.jpg 300w, https:\/\/pab-rpg.fr\/wp-content\/uploads\/2021\/01\/clerc.jpg 590w\" sizes=\"(max-width: 300px) 100vw, 300px\" \/><\/span>\n<ul>\n<li>Armes: contendant<\/li>\n<li>Armures: toutes et bouclier petit<\/li>\n<li>Sorts: Combat\/Garde &#8211; Protection &#8211; Soins &#8211; Divination<\/li>\n<li>Comp\u00e9tences principales: Connaissance Divinit\u00e9 &#8211; Commandement &#8211; Langues &#8211; Soins blessures &#8211; Surprise &#8211; Resist Contr\u00f4le<\/li>\n<li>Pouvoirs:\n<ul>\n<li>Puissance divine accorde {sph\u00e8res}*2 pdt NRnd sur la base de son niveau<\/li>\n<li>Il b\u00e9n\u00e9ficie d&#8217;un bonus d4 aux {Resist}<\/li>\n<li>Avant le dernier coup fatal, la lumi\u00e8re divine le rend invuln\u00e9rable sur ce rnd<\/li>\n<\/ul>\n<\/li>\n<\/ul>\n<\/li>\n<\/ul>\n<ul>\n<li><span style=\"font-weight: 300;\"><b>Druide<\/b><\/span><span style=\"font-weight: 300;\">: Il puise sa puissance et son inspiration de la nature. il est tr\u00e8s en difficult\u00e9 en ville<img loading=\"lazy\" src=\"http:\/\/pab-rpg.fr\/wp-content\/uploads\/2021\/01\/druide-300x225.jpg\" alt=\"\" width=\"300\" height=\"225\" class=\"size-medium wp-image-798 alignleft\" srcset=\"https:\/\/pab-rpg.fr\/wp-content\/uploads\/2021\/01\/druide-300x225.jpg 300w, https:\/\/pab-rpg.fr\/wp-content\/uploads\/2021\/01\/druide-768x576.jpg 768w, https:\/\/pab-rpg.fr\/wp-content\/uploads\/2021\/01\/druide.jpg 900w\" sizes=\"(max-width: 300px) 100vw, 300px\" \/><\/span>\n<ul>\n<li>Armes: faucille\/Baton<\/li>\n<li>Armures: v\u00e9g\u00e9tale (=cuir clout\u00e9)<\/li>\n<li>Sorts: Animale\/V\u00e9g\u00e9tale &#8211; Climat\/Soleil &#8211; Combat\/Garde<\/li>\n<li>Comp\u00e9tences principales: Escalade &#8211; Nature &#8211; Dressage &#8211; Initiative et Surprise (en for\u00eat)<\/li>\n<li>Pouvoirs:\n<ul>\n<li>En for\u00eat, ses d\u00e9placements, initiative et surprise se font avec un bonus d4<\/li>\n<li>Communique et commande les v\u00e9g\u00e9taux et les animeaux<\/li>\n<li>S&#8217;enracine dans la for\u00eat, double sa {Resist contr\u00f4le} et r\u00e9g\u00e9n\u00e8re ses Pt de Vie<\/li>\n<\/ul>\n<\/li>\n<\/ul>\n<\/li>\n<\/ul>\n<ul>\n<li><span style=\"font-weight: 300;\"><b>Proph\u00e8te<\/b><\/span><span style=\"font-weight: 300;\">: Avec l&#8217;inspiration divine, il sait pr\u00e9venir les \u00e9v\u00e9nements et porte avec lui les fanatiques . Rarement des Elfs<img loading=\"lazy\" src=\"http:\/\/pab-rpg.fr\/wp-content\/uploads\/2021\/01\/prophete-256x300.jpg\" alt=\"\" width=\"256\" height=\"300\" class=\"size-medium wp-image-800 alignright\" srcset=\"https:\/\/pab-rpg.fr\/wp-content\/uploads\/2021\/01\/prophete-256x300.jpg 256w, https:\/\/pab-rpg.fr\/wp-content\/uploads\/2021\/01\/prophete.jpg 736w\" sizes=\"(max-width: 256px) 100vw, 256px\" \/><\/span>\n<ul>\n<li>Armes: baton de fer<\/li>\n<li>Armures: maille maxi<\/li>\n<li>Sorts: Climat\/Soleil &#8211; Cr\u00e9ation\/Conjuration &#8211; Divination<\/li>\n<li>Comp\u00e9tences principales: Connaissance divinit\u00e9 &#8211; Orientation aveugle &#8211; Danger &#8211; Rumeur &#8211; Commandement &#8211; D\u00e9tection &#8211; Surprise<\/li>\n<li>Pouvoirs:\n<ul>\n<li>{skill} doubl\u00e9 en Connaissance sort &#8211; Initiative et Surprise<\/li>\n<li>Sur un sort identifi\u00e9 qui lui est destin\u00e9, renvoie les effets \u00e0 son auteur<\/li>\n<li>Quand il voit sa mort arriver, il pourra relancer une parade ou une resist sur la derni\u00e8re attaque<\/li>\n<\/ul>\n<\/li>\n<\/ul>\n<\/li>\n<\/ul>\n<ul>\n<li><span style=\"font-weight: 300;\"><b>Exorciste<\/b><\/span><span style=\"font-weight: 300;\">: Il est charg\u00e9 par sa divinit\u00e9 de chasser les d\u00e9mons et les esprits malveillants. Rarement des Gnomes<img loading=\"lazy\" src=\"http:\/\/pab-rpg.fr\/wp-content\/uploads\/2021\/01\/exorciste-300x232.jpg\" alt=\"\" width=\"300\" height=\"232\" class=\"size-medium wp-image-802 alignleft\" srcset=\"https:\/\/pab-rpg.fr\/wp-content\/uploads\/2021\/01\/exorciste-300x232.jpg 300w, https:\/\/pab-rpg.fr\/wp-content\/uploads\/2021\/01\/exorciste-768x595.jpg 768w, https:\/\/pab-rpg.fr\/wp-content\/uploads\/2021\/01\/exorciste.jpg 886w\" sizes=\"(max-width: 300px) 100vw, 300px\" \/><\/span>\n<ul>\n<li>Armes: toutes les armes 1 main<\/li>\n<li>Armures: feuillet\u00e9 maxi et petit bouclier<\/li>\n<li>Sorts: Divination &#8211; N\u00e9cromancie &#8211; Soins<\/li>\n<li>Comp\u00e9tences principales: Connaissance sorts &#8211; Orientation\/Aveugle &#8211; Danger &#8211; Commandement &#8211; Soin blessures<\/li>\n<li>Pouvoirs:\n<ul>\n<li>Permanent D\u00e9tection Mal et double {skill} soin blessures imm\u00e9diates<\/li>\n<li>Apr\u00e8s sa connaissance du sort, reset un sort de charme\/illusion par sa Sph\u00e8re de Charme<\/li>\n<li>Transf\u00e8re sa force vitale pour effectuer un rappel \u00e0 la vie sur la Sph\u00e8re de soin<\/li>\n<\/ul>\n<\/li>\n<\/ul>\n<\/li>\n<\/ul>\n<ul>\n<li><span style=\"font-weight: 300;\"><b>Moine<\/b><\/span><span style=\"font-weight: 300;\">: Il est li\u00e9 \u00e0 son monast\u00e8re et vit de fa\u00e7on aust\u00e8re. Il ma\u00eetrise parfaitement les arts martiaux. Seulement Humain et Nain<img loading=\"lazy\" src=\"http:\/\/pab-rpg.fr\/wp-content\/uploads\/2021\/01\/Moine-300x169.jpg\" alt=\"\" width=\"300\" height=\"169\" class=\"size-medium wp-image-804 alignright\" srcset=\"https:\/\/pab-rpg.fr\/wp-content\/uploads\/2021\/01\/Moine-300x169.jpg 300w, https:\/\/pab-rpg.fr\/wp-content\/uploads\/2021\/01\/Moine-1024x576.jpg 1024w, https:\/\/pab-rpg.fr\/wp-content\/uploads\/2021\/01\/Moine-768x432.jpg 768w, https:\/\/pab-rpg.fr\/wp-content\/uploads\/2021\/01\/Moine-1536x864.jpg 1536w, https:\/\/pab-rpg.fr\/wp-content\/uploads\/2021\/01\/Moine.jpg 1920w\" sizes=\"(max-width: 300px) 100vw, 300px\" \/><\/span>\n<ul>\n<li>Armes: mains nues et baton<\/li>\n<li>Armures: tissus<\/li>\n<li>Sorts: Soins &#8211; Astrales &#8211; Climat &#8211; Combat<\/li>\n<li>Comp\u00e9tences principales: Course\/Endurance &#8211; Orientation\/Aveugle &#8211; Silencieux &#8211; CaC Lutte &#8211; Surprise<\/li>\n<li>Pouvoirs:\n<ul>\n<li>Ses attaques \u00e0 mains nues lui donnent l&#8217;\u00e9quivalent Lv magique pour Nv\/3 + traverse l&#8217;armure<\/li>\n<li>La comp\u00e9tence {Lutte} sert aussi de {Parade} et critique en attaque = assome<\/li>\n<li>R\u00e9siste \u00e0 la douleur tant que les combos sont r\u00e9ussis et les d\u00e9g\u00e2ts disparaissent si l&#8217;adversaire tombe<\/li>\n<\/ul>\n<\/li>\n<\/ul>\n<\/li>\n<\/ul>\n<ul>\n<li><span style=\"font-weight: 300;\"><b>Paria<\/b><\/span><span style=\"font-weight: 300;\">: Consid\u00e9r\u00e9 comme un \u00eatre impur, il est rejet\u00e9 par sa communaut\u00e9. Il puise ses sorts dans toutes les Sph\u00e8res divines qu&#8217;il rencontre<img loading=\"lazy\" src=\"http:\/\/pab-rpg.fr\/wp-content\/uploads\/2021\/01\/Paria-300x169.jpg\" alt=\"\" width=\"300\" height=\"169\" class=\"size-medium wp-image-806 alignleft\" srcset=\"https:\/\/pab-rpg.fr\/wp-content\/uploads\/2021\/01\/Paria-300x169.jpg 300w, https:\/\/pab-rpg.fr\/wp-content\/uploads\/2021\/01\/Paria.jpg 675w\" sizes=\"(max-width: 300px) 100vw, 300px\" \/><\/span>\n<ul>\n<li>Armes: toutes<\/li>\n<li>Armures: toutes et petit bouclier<\/li>\n<li>Sorts: tous mais il doit les m\u00e9moriser<\/li>\n<li>Comp\u00e9tences principales: Marine &#8211; Langues &#8211; Equitation &#8211; Resist Maladie<\/li>\n<li>Pouvoirs:\n<ul>\n<li>B\u00e9n\u00e9ficie d&#8217;un bonus Niv\/3 \u00e0 son CaC et Resist contre un adversaire li\u00e9 \u00e0 une divinit\u00e9<\/li>\n<li>Dans sa qu\u00eate de r\u00e9demption, sacrifie une cr\u00e9ature et r\u00e9cup\u00e8re ses pts de vie et ses buffs<\/li>\n<li>Au d\u00e9but du combat lance une mal\u00e9diction qui prend effet sur sa cible touch\u00e9e<\/li>\n<\/ul>\n<\/li>\n<\/ul>\n<\/li>\n<\/ul>\n\n\n<div class=\"wp-block-image\"><figure class=\"aligncenter size-large\"><img loading=\"lazy\" width=\"498\" height=\"101\" src=\"http:\/\/pab-rpg.fr\/wp-content\/uploads\/2021\/01\/images.png\" alt=\"\" class=\"wp-image-429\" srcset=\"https:\/\/pab-rpg.fr\/wp-content\/uploads\/2021\/01\/images.png 498w, https:\/\/pab-rpg.fr\/wp-content\/uploads\/2021\/01\/images-300x61.png 300w\" sizes=\"(max-width: 498px) 100vw, 498px\" \/><\/figure><\/div>\n","protected":false},"excerpt":{"rendered":"<p>Les Sp\u00e9cialisations: Clerc: Homme de foi profond\u00e9ment li\u00e9 \u00e0 son Dieu. Intraitable avec les m\u00e9cr\u00e9ants. Tous sauf Gnome Armes: contendant Armures: toutes et bouclier petit Sorts: Combat\/Garde &#8211; Protection &#8211; Soins &#8211; Divination Comp\u00e9tences principales: Connaissance Divinit\u00e9 &#8211; Commandement &#8211; Langues &#8211; Soins blessures &#8211; Surprise &#8211; Resist Contr\u00f4le Pouvoirs: [&hellip;]<\/p>\n","protected":false},"author":2,"featured_media":70,"parent":69,"menu_order":0,"comment_status":"closed","ping_status":"closed","template":"page-templates\/template-fullwidth.php","meta":[],"_links":{"self":[{"href":"https:\/\/pab-rpg.fr\/index.php\/wp-json\/wp\/v2\/pages\/305"}],"collection":[{"href":"https:\/\/pab-rpg.fr\/index.php\/wp-json\/wp\/v2\/pages"}],"about":[{"href":"https:\/\/pab-rpg.fr\/index.php\/wp-json\/wp\/v2\/types\/page"}],"author":[{"embeddable":true,"href":"https:\/\/pab-rpg.fr\/index.php\/wp-json\/wp\/v2\/users\/2"}],"replies":[{"embeddable":true,"href":"https:\/\/pab-rpg.fr\/index.php\/wp-json\/wp\/v2\/comments?post=305"}],"version-history":[{"count":6,"href":"https:\/\/pab-rpg.fr\/index.php\/wp-json\/wp\/v2\/pages\/305\/revisions"}],"predecessor-version":[{"id":807,"href":"https:\/\/pab-rpg.fr\/index.php\/wp-json\/wp\/v2\/pages\/305\/revisions\/807"}],"up":[{"embeddable":true,"href":"https:\/\/pab-rpg.fr\/index.php\/wp-json\/wp\/v2\/pages\/69"}],"wp:featuredmedia":[{"embeddable":true,"href":"https:\/\/pab-rpg.fr\/index.php\/wp-json\/wp\/v2\/media\/70"}],"wp:attachment":[{"href":"https:\/\/pab-rpg.fr\/index.php\/wp-json\/wp\/v2\/media?parent=305"}],"curies":[{"name":"wp","href":"https:\/\/api.w.org\/{rel}","templated":true}]}}